f u**6/120 + 7*u**5/60 - 11*u**4/24 + 2*u**3/3 - 2*u**2. What is the tens digit of n(l)?
2
Let t(s) = s**3 - 8*s**2 + 7*s + 1. Let a be t(5). Let l = 109 + a. What is the units digit of l?
0
Let l(q) = -q + 2. Let p be l(-4). Let t = 163 + -148. Let k = t + p. What is the units digit of k?
1
Let v = -8 + 8. Suppose 0*b + 4*b + 12 = -2*o, -3*b + 5*o + 17 = v. What is the units digit of 1/(b + (-15)/(-12))?
4
Let n be (-3)/(9/6*-1). Suppose -2*k - 2 = 5*r, k + n*r + 1 = -0*r. What is the units digit of (k/(-1))/(5/15)?
3
Suppose 23*i - 6904 = 6689. What is the hundreds digit of i?
5
Suppose 5*r - 1233 = -2*y - 107, -r = 5*y - 2792. What is the units digit of y?
8
Let m(t) = t**2 + 13*t - 3. Let r be m(-10). Let w = 66 - r. What is the tens digit of w?
9
Let k(n) = 22*n**3 - 4*n**2 + 7*n - 9. What is the units digit of k(2)?
5
Let g = 224 + -155. Suppose -6*r = -9*r + g. What is the units digit of r?
3
Let n = 6 - 1. Let m(t) = 2 + 0 + 7*t**2 - 3*t**3 + n*t + 4*t**3. What is the tens digit of m(-5)?
2
Let m = -8 - -7. Let l be 0 + m - (1 + -7). What is the units digit of 2/4*10/l?
1
Suppose n - 2 = -60. Suppose 16 + 22 = -v. Let c = v - n. What is the tens digit of c?
2
Let s = 9 - 13. Let c be (s/(-5))/((-1)/(-5)). Suppose c*y - 94 = -5*x, -34 = -x - y + 4*y. What is the units digit of x?
2
Suppose 2*b = 5*m - 105, 6*b = 4*m + 3*b - 91. Let u(v) = 8*v + 12. What is the hundreds digit of u(m)?
1
Let x = -4 - -79. Let o = x + -129. What is the units digit of (-4)/18 - 1308/o?
4
Suppose -2*n + 3*n = 4*n. Suppose n*a + 968 = 3*d + 2*a, 3*d - 972 = -3*a. What is the hundreds digit of d?
3
Suppose 2*n - 4*k = 2948, 0 = -4*n - n + k + 7397. What is the thousands digit of n?
1
Let j be 20/(-110) - ((-18)/(-22) - 1). Suppose -5*z + i = -30, 5*z - 5*i + j - 10 = 0. What is the units digit of z?
7
What is the thousands digit of 1744 - 2 - 9/(126/98)?
1
What is the hundreds digit of -1 - (-10 + 8 + (-454 - -2))?
4
Suppose -q = -5*d, 2*d = q - 0*d - 3. Suppose y - 11 = -2*w, -q*y + 2*w + 110 = w. What is the tens digit of y?
2
Suppose 4*g + 4 = 0, -4*o + 2547 = -g - 2*g. What is the tens digit of o?
3
Let s = -4 + 8. Let n be -1*16/s + 2. What is the units digit of (n + 1)/(7/(-287))?
1
Let f(d) = -30*d - 5. Let b(m) = 30*m + 6. Let p(n) = -4*b(n) - 5*f(n). What is the tens digit of p(1)?
3
Suppose 6 - 16 = -5*a. Suppose -m - 4*b - 110 = -a*m, 0 = 2*m + 3*b - 165. Suppose 5*f = 60 + m. What is the units digit of f?
0
Let l(f) = -4*f + 11. Let i be l(10). Let s = 10 - i. Suppose -s = -3*u - 0*u. What is the tens digit of u?
1
Suppose r + 3*y + 25 = 0, 3*y + y - 20 = 2*r. Let c(h) = h**3 + 17*h**2 + 14*h + 20. What is the tens digit of c(r)?
5
Suppose -13*i = -7647 - 1011. What is the hundreds digit of i?
6
Let j(x) be the second derivative of x**5/20 + x**4/3 - 5*x**3/3 + 3*x**2/2 - 8*x. What is the tens digit of j(-5)?
2
Suppose -5520 - 1674 = -6*q. What is the tens digit of q?
9
Suppose 0 = 4*f + c, f + 2*c = 2*f. Let i be ((-1)/4*-3)/((-1)/84). Let s = f - i. What is the tens digit of s?
6
Suppose 0 = 3*q - 2*n - 6502, 5*q = -11*n + 12*n + 10825. What is the tens digit of q?
6
Let j = -4 - -9. Suppose j = 5*x + 5*i, -i = -0*i + 4. What is the units digit of x?
5
Let q = -35 - -21. Let k be (-4)/q + 33/7. What is the tens digit of (36/k)/3*10?
2
Suppose -c = l - 0*l + 1, 0 = 2*l + 2. Let f(k) = -k**2 + k + 6. What is the units digit of f(c)?
6
Let l(h) = -2*h + 12. Let r be l(6). Suppose 4 + r = 2*t. Suppose 96 = t*b + b. What is the units digit of b?
2
Let n be (10/(-6))/(4/36). Let m = -6 - n. Suppose -94 = m*d - 11*d. What is the tens digit of d?
4
Let h(s) = -4*s**2 + 3. Let q be h(3). What is the units digit of (-2 + -2)*q/2?
6
Let v(z) = -8 + 2*z**3 - 23*z - 12*z + 39*z + 20*z**2. What is the units digit of v(-8)?
6
Let n = -535 + 1572. What is the tens digit of n?
3
Let x = 21 - 17. Suppose -x*h - 2*i = -0 + 8, -2 = i. What is the units digit of (h - -43) + 3/1?
5
Let w(f) = -f**3 - 3*f**2 + f - 1. Let m be -1 + -1 + (-4)/8*8. What is the hundreds digit of w(m)?
1
Let d = -770 + 1166. Suppose -d = -7*g + 157. What is the units digit of g?
9
Let k(v) be the third derivative of -v**4/6 + 9*v**3/2 + 6*v**2. Let r be k(-12). Let o = r + -41. What is the tens digit of o?
3
What is the tens digit of (1396/3)/((-80)/(-12) + -6)?
9
Let q = 465 + -4. What is the tens digit of q?
6
Let o = -20 - -11. Let b(j) = 2*j**2 + 16*j + 30. What is the tens digit of b(o)?
4
Let q(x) = 199*x - 205. What is the units digit of q(18)?
7
Suppose -44*g + 22*g + 35090 = 0. What is the thousands digit of g?
1
Suppose 0 = -4*q + a + 8, 0 = 3*q + 4*a - 34 + 9. Suppose 0 = 4*g + 5*f - 4, 5*g - 2 = -2*f + q. What is the units digit of 6 - g - (-2 - -1)?
6
Let r = -617 - -1105. What is the hundreds digit of r?
4
Let l be 8/5*1*-5. Let b = 30 + -32. What is the units digit of (-73)/b - 4/l?
7
Let o be (28/21)/(8/18). Suppose 144 = o*x + 3*f, f + f = x - 39. What is the units digit of x?
5
Let m(o) be the second derivative of -o**4/12 - 4*o**3/3 - o**2 + 7*o. Let x be m(-6). Suppose -3*r + 93 = 4*u, -u - r - x = -33. What is the tens digit of u?
2
Suppose -t - 5*s = -1, 2*s - 4 + 6 = 0. Suppose -t*i = -4*i - 176. What is the units digit of i?
8
Let m be 44/11 + 5*1. Suppose m = d - 4*h - 15, -2*d + 23 = -3*h. Suppose 19 = d*o - 81. What is the tens digit of o?
2
Let h = -21 - -30. Let c(g) = -g**3 + 8*g**2 + 21*g. What is the units digit of c(h)?
8
Let u be (2 - 20/15)/((-4)/246). Let l = u + 190. What is the units digit of l?
9
Suppose 0 = -f + 5*n + 20, 3*f + 3*n + 15 = 3. Suppose f = x - 3*p - 181, 4 = -0*p - 2*p. Suppose -5*t + 0*t = -x. What is the units digit of t?
5
Let j = 617 - -556. What is the thousands digit of j?
1
Suppose 3*y = -4*w + 12, -w + 16 = 4*y - 2*w. Let n(d) = -5 + y*d + 9 - 1. What is the units digit of n(4)?
9
Suppose 13*z - 17057 = 30042. What is the hundreds digit of z?
6
Suppose a - 2*b + 660 = 6*a, 4*a - 561 = 5*b. Suppose 33*r = 31*r + a. What is the tens digit of r?
6
Let w(u) be the second derivative of u**4/3 - 5*u**3/6 + u**2 - 10*u. What is the units digit of w(6)?
6
Let p = -539 + 1497. What is the hundreds digit of p?
9
Let w(m) = -2*m + m + 8 + 2*m. What is the tens digit of w(8)?
1
Suppose 5*c = 27*n - 31*n + 8739, 0 = -5*n + 2*c + 10899. What is the thousands digit of n?
2
What is the units digit of 9741/(-6)*(-78)/39?
7
Let w(g) = 2*g - 5. Let c be w(3). Let s(h) = 7*h - 1. Let u be s(c). Suppose 0 = -u*p + 2*p + 72. What is the units digit of p?
8
Suppose 35*n - 36*n - 5*f = -983, -3009 = -3*n - 3*f. What is the tens digit of n?
0
Suppose c - 26 = 29. Let o = c + -46. What is the units digit of o?
9
Let w = 535 - -60. What is the tens digit of w?
9
Let y(l) = -l**3 - l + 14. Suppose 2*g - 5 = 5*z, -3 = -2*g - 0*z + 3*z. What is the tens digit of y(g)?
1
Let w = 106 - 20. Let o = -16 + w. What is the tens digit of o?
7
Let d(s) = -23*s + 37. What is the hundreds digit of d(-17)?
4
Let f be (-5 - 3) + (1 - -1). Let y(k) = -k**3 - 5*k**2 + 7*k - 4. Let x be y(f). Let q = x + 14. What is the units digit of q?
4
Let r(p) be the second derivative of p**5/20 + p**4/12 - p**3/6 + 21*p**2 + 15*p. What is the tens digit of r(0)?
4
Suppose 0 = 17*j - 3523 - 2733. What is the hundreds digit of j?
3
What is the tens digit of 0 + 6/(-45) + (-144548)/(-60)?
0
Suppose 2*y + 0*o - 4048 = -o, -4*y + 2*o = -8096. What is the tens digit of y?
2
Suppose j = h - 0*h + 32, h + 2*j = -23. Let t = h + 32. Suppose 0*x = t*x - 231. What is the tens digit of x?
7
Let s = -10 - -6. Let j(q) = 5*q**2 - 8*q - 5. Let f(i) = 14*i**2 - 23*i - 15. Let k(m) = 4*f(m) - 11*j(m). What is the tens digit of k(s)?
2
Let y(m) = m**3 - 6*m**2 + 6*m - 4. Suppose z = -4 + 9. Let g be y(z). Suppose 0 = 3*w + g - 100. What is the tens digit of w?
3
Suppose -2366 = -13*s + 22737. What is the tens digit of s?
3
Let f be -1 - (0 + 1)*-1. Suppose o + 3*o + 4*x = 244, -3*o - 4*x + 181 = f. Suppose -4*c = 3*t - 4*t - o, -5*t - 90 = -5*c. What is the units digit of c?
5
Let g(k) = k**3 - 11*k**2 + 8*k + 22. Let c be g(10). Suppose l + 4*x = c*l - 119, -238 = -2*l - 3*x. What is the hundreds digit of l?
1
Suppose 0 = -q + 16 + 212. Suppose j + 29 + q = 4*n, -n + 83 = -4*j. Suppose -n = -5*b +